558. Is y a composite number?
True
Let t = 392509 + -3452. Is t a prime number?
True
Suppose 696 = o - 4*b - 15348, -5*o = 2*b - 80308. Let x = o + -9611. Is x composite?
False
Suppose z - 13 - 1 = 0. Let k(t) = 7*t + 22*t**3 + 8*t + z*t**2 - 4 - 23*t**3 - 11. Is k(10) a prime number?
False
Let d be (94/24*4)/(2/378). Is d + ((-12)/16)/((-6)/16) composite?
False
Let y = -71372 + 379203. Is y composite?
False
Is 140/18 + (-86)/(-387) + -9 - -602970 composite?
True
Let g(d) = -23892*d + 29. Is g(-1) composite?
True
Let n(t) = 56*t**2 + 8*t - 5. Let j be 8/(-112) - (-139)/(-14). Is n(j) a prime number?
False
Suppose -98*i = -110*i + 800508. Is i prime?
False
Let v(a) = 375*a - 146. Let j(c) = -c**3 - 2*c**2 + 19*c - 9. Let t be j(-6). Is v(t) a composite number?
True
Let k(m) = 2209*m + 415. Let s be k(-15). Let i = s - -61897. Is i composite?
True
Let r = 23 - 20. Is ((-163)/1)/(r + -4) composite?
False
Suppose 10*k - 12 - 18 = 0. Suppose k*j + 9*j - 3048 = 0. Is j composite?
True
Let j = 1031 - 1029. Let z(i) = -i - 1. Let n be z(-4). Suppose -3165 = -3*m - 4*t, -j*t = -n*m + t + 3165. Is m a prime number?
False
Let g = -532 - -553. Suppose 27*s = g*s + 9942. Is s a composite number?
False
Let a = -7154 + 21285. Is a composite?
True
Suppose n - 3*d + 2913 = 2*n, 8732 = 3*n + 2*d. Suppose 4*s + 5*j - n = 0, 3*s - 1565 = 5*j + 635. Let p = s - 465. Is p composite?
True
Let c = 1770 - 376. Let n be (-1029355)/(-372) + 3/(-36). Let d = n - c. Is d a composite number?
False
Let k be (-50)/(-2)*-1*-157. Suppose 5*h - k - 845 = 0. Let l = -541 + h. Is l a composite number?
True
Suppose -6*a = -32 - 16. Suppose 8905 = -3*s + 2*c + 102513, -4*c = -a. Is 16/168 - s/(-21) composite?
True
Let q = 58 + 1335. Is q composite?
True
Suppose -4*g + 4*j + 160 = -2*g, 5*j + 242 = 3*g. Is ((-2416)/3 + 1)*g/(-28) a prime number?
False
Suppose 161*v = 133*v + 942452. Is v prime?
False
Let m = 42174 - 22013. Is m composite?
False
Let o(x) = -3*x**3 - 10*x + 51059. Is o(0) composite?
False
Let b = -91 - -95. Suppose b*r - 5*n - 19 = 12, -3*r + 2*n + 18 = 0. Suppose 3*z - 1282 = -r*i, -2*z + 551 = 4*i - 309. Is z composite?
True
Suppose 0 = -4*x + x + 9. Suppose 16 = k + x*t, 6 = -5*k + 2*t + 1. Let d(z) = 381*z + 1. Is d(k) composite?
True
Let y(q) = 6*q**3 + 31*q**2 + q + 17. Is y(10) prime?
True
Is ((-1 - -2) + 176175/4)/((-416)/(-1664)) composite?
False
Let c = -483 - -250. Let d = c + 1124. Suppose -d = -3*y + 798. Is y a composite number?
False
Let f = 481157 - 259350. Is f a prime number?
True
Suppose 12*o + 2*o = 476. Let u = -30 + o. Suppose -u*w + 0*w + 5*b + 867 = 0, 4*b - 20 = 0. Is w a composite number?
False
Suppose 0 = 4*h - 6910 + 37518. Let z(r) = 11391*r**3 - r**2 + 10*r + 11. Let a be z(-1). Let i = h - a. Is i a composite number?
False
Let z(c) = 4*c**2 - 2*c + 1. Let y be (2/6)/(2/18*3). Let h be z(y). Suppose 23 = -t - 3*f + 111, -5*f = -h*t + 250. Is t prime?
False
Suppose -4*o - 19 = 3*w - 0*o, -4*w - 25 = 5*o. Is (1 + w)/(184/(-145498)) a composite number?
False
Let b be 384/18*84/16. Let j = -17 + b. Suppose -3*n = -4*n + j. Is n prime?
False
Suppose 3*f = -0 + 9, -b + 4*f - 24 = 0. Let p be ((-287)/(-14))/((-2)/b). Suppose 0 = n - p - 82. Is n composite?
True
Let a(g) = -183*g - 76. Let q(c) = -c**3 + 11*c**2 + 9*c + 19. Let r be q(12). Is a(r) prime?
False
Let t(z) = -z**2 + z + 13. Let h be t(-5). Let x(v) = -v**2 - 35*v - 13. Is x(h) a prime number?
True
Is (-1)/(-9)*120/(-16) - 3237955/(-30) composite?
True
Let q(a) = -a**2 - 34*a - 92. Let l be q(-31). Is ((-5013)/36)/(l/(-28)) prime?
False
Let k(n) = -5*n**3 + 6*n**2 - 9*n + 13. Let b(f) = -3*f**3 + 7*f**2 - 10*f + 13. Let g(d) = -5*b(d) + 6*k(d). Is g(-6) composite?
False
Suppose 5*t - 12*t + 35 = 0. Suppose 5*f = -t*c + 151345, 2*f + 23*c - 60510 = 28*c. Is f prime?
False
Let x = -44 - -38. Let y be (-3148)/(-13) - x/(-39). Let f = y - 27. Is f composite?
True
Let w(z) = -67*z + 17. Let k be (-32)/(-10)*(5 + 0). Suppose 10*m + k = 8*m. Is w(m) composite?
True
Let x(h) = h**3 + 2*h**2 - 2*h + 5. Let u be x(-3). Suppose u*i - 23 = -2*l - 3*i, -i + 8 = -3*l. Is 4195/(-25)*5*l a composite number?
False
Let f(q) = 97*q**2 - 9*q + 19. Suppose -4*x - 75 = -43. Is f(x) a prime number?
True
Let s(o) = -9*o + 90. Let h be s(12). Let i(y) = y**3 + 4*y**2 - 5*y - 6. Let b be i(-5). Is (-346)/b - (-12)/h composite?
True
Let t(r) = -r**3 + 29*r**2 - 12*r + 20. Let h be t(8). Let d = h - 818. Let l = d - -55. Is l a composite number?
True
Suppose 3*p + 5*z = 216642 + 555375, 0 = 2*p - 5*z - 514678. Is p composite?
False
Let w(a) = 210*a**2 + 50*a + 253. Is w(-18) prime?
False
Suppose -186*h + 553100 - 307692 + 1133038 = 0. Is h a prime number?
True
Suppose 0 = -18*c + 10804830 - 1538160. Suppose -121*z = -100*z - c. Is z a composite number?
True
Let t be -6*((-15)/10 + 4/6). Suppose -t*x + 26079 = -x - l, -3*x = -4*l - 19543. Is x a composite number?
False
Let x = -33882 - -70315. Is x prime?
True
Let y(w) = 3137*w**2 - 5*w - 5. Suppose 0 = 4*l - h + 9, 4*l - 3*h + 22 = 3. Is y(l) a composite number?
False
Suppose 23*q - 25*q + 1830 = 0. Let a = q - 484. Suppose -x + 193 = k - 5*k, a = 2*x + k. Is x a prime number?
False
Suppose 0*d - 6*d = -24. Suppose 6*x - 2*x = 12, 5*x = d*q - 10381. Is q prime?
False
Let t(c) = 2*c + 22. Suppose 5 = x + 15. Let g be t(x). Suppose -g*a + 3*k = 5*k - 1112, -3*k - 1117 = -2*a. Is a prime?
True
Suppose 0*t + 6032 = -8*t. Let a = t - -140. Let y = 1289 - a. Is y a composite number?
True
Suppose -2*i - 2*w - 2 = 0, 2 = 2*i + 4*w + 12. Suppose -i*m - 5*p = -2291 - 8364, -5*m = p - 17729. Let o = 5748 - m. Is o prime?
True
Let k(c) = -10860*c + 2942. Is k(-9) prime?
False
Suppose -43*z + 384 = -27*z. Suppose -z*y + 301007 = 25*y. Is y composite?
False
Suppose -44 = 6*f - 68. Suppose -4*l - 11070 = -2*c, f*c - 12878 = 4*l + 9254. Is c prime?
True
Is (-4783446)/(-40) + 666/888 - 2/(-20) a prime number?
False
Let j = -150930 + 1105067. Is j a composite number?
True
Let a = -5283 - -1801. Let x = -2083 - a. Is x composite?
False
Suppose 3*q - 1731 = -9*v + 6*v, 2*q = 2*v + 1174. Suppose 14*l - 11908 = -q. Is l a composite number?
False
Let j = 48220 + -23781. Is j prime?
True
Let w = -141 + 30. Let x = w - -115. Suppose 0 = x*f + 3*q - 76, -2*f - 5*q = -13 - 25. Is f a prime number?
True
Suppose -5015 = -5*p - 4*m, -5*p + 5017 = -m + 2. Suppose p - 11586 = -19*y. Is y composite?
False
Suppose 0 = 3*u - 3*r + 14091, 0 = -u + 16*r - 17*r - 4697. Let n = u + 13914. Is n composite?
True
Let j be 17023*1*(-43 - -56). Suppose 35773 = -18*g + j. Is g prime?
False
Let c be 8/6 + 478/6. Let f = 82 - c. Is 207 - (2/(-4))/(f/(-4)) a composite number?
True
Let v be (-8122)/(-31) - (1 + -1). Suppose v = 3*r - 5*z, -2*z - 1 = -3*z. Is r composite?
False
Suppose 0 = 4*f + 4*t - 2093308, -f = 31*t - 28*t - 523315. Is f a prime number?
True
Suppose -2*s + 127 = 3*h, -2*h - 4*s + 211 = 3*h. Let l = h + -40. Is (-2)/l + 1/(-6)*-2518 prime?
True
Suppose -4*f = 4, -4*r - 15*f + 8640 = -11*f. Is r a prime number?
True
Let i(d) = 40*d**3 - 31*d**2 + 25*d - 21. Is i(9) a prime number?
False
Let b(z) = 8*z**3 - 27*z**2 + 21*z + 43. Let t(o) = -3*o**3 + 14*o**2 - 11*o - 21. Let c(w) = -2*b(w) - 5*t(w). Is c(-17) prime?
False
Suppose 38*y + 604798 - 3485084 = 0. Is y a composite number?
False
Let z = -2741 + 2733. Let g(o) be the second derivative of -19*o**3/2 + 23*o**2/2 + 2*o. Is g(z) prime?
True
Let s be (4 + (-5362)/49)*-7. Suppose 5*t = -11*k + 7*k + s, 0 = -3*k + 4*t + 569. Is k a composite number?
True
Let z = 301 + -298. Let m = -1 + 1. Suppose f + 5*l + z + 6 = m, -4*f - 3*l = -32. Is f composite?
False
Suppose 25*m = -7 + 132. Suppose 5363 = a + 4*i - 4666, -m*a - 3*i = -50162. Is a a prime number?
False
Suppose b = -b + 10. Suppose b*n - 4*m = -17, 3*n - 4*m + 12 = 5. Is 2 + (-2534 - 1)/n composite?
False
Let a be 1/((1/10)/((-8)/(-20))). Suppose a*j + 12652 = 8*j. Is j a prime number?
True
Suppose 36*a + 17 = 19*a. Is (a/2)/((-5 + 2)/15654) a prime number?
True
Let x = -7 - -7. Let t be x*((-35)/10 - -4). Is (-155)/5*(-14 + 1 + t) a composite number?
True
Suppose -2*w - 2 = -4*w, w + 2263 = -4*y. Let q(h) = -h**2 + 2*h - 831. Let u be q(0). Let f = y - u. Is f a prime number?
False
